{"id":134,"date":"2024-02-19T10:41:05","date_gmt":"2024-02-19T09:41:05","guid":{"rendered":"https:\/\/www.feuerwehr-walldorf.org\/kft\/?page_id=134"},"modified":"2024-07-30T15:30:48","modified_gmt":"2024-07-30T13:30:48","slug":"samstag%e2%94%8231-august-2024","status":"publish","type":"page","link":"https:\/\/www.feuerwehr-walldorf.org\/kft\/samstag%e2%94%8231-august-2024\/","title":{"rendered":"Samstag\u250231. August 2024"},"content":{"rendered":"\n<p><strong>Begr\u00fc\u00dfung &amp; akademische Feier 60 Jahre Jugendfeuerwehr<\/strong><\/p>\n\n\n\n<figure class=\"wp-block-table is-style-stripes\"><table class=\"has-fixed-layout\"><tbody><tr><td>Wann<\/td><td>Wo<\/td><\/tr><tr><td>09:00 Uhr<\/td><td>B\u00fchne &#8211; Feuerwache Walldorf<\/td><\/tr><\/tbody><\/table><\/figure>\n\n\n\n<p><strong>Jugend Gaudi-Wettkampf<\/strong> <strong>&#8211; Leider entf\u00e4llt dieser Programmpunkt<\/strong><\/p>\n\n\n\n<figure class=\"wp-block-table is-style-stripes\"><table class=\"has-fixed-layout\"><tbody><tr><td>Wann<\/td><td>Wo<\/td><\/tr><tr><td>10:00 Uhr<\/td><td>Sportplatz TGS<\/td><\/tr><\/tbody><\/table><\/figure>\n\n\n\n<p><strong>Wir \u00f6ffnen unsere Tore <\/strong><br><strong>Tag der offenen T\u00fcr &amp; F\u00fchrungen durch das neue Feuerwehrhaus<\/strong><\/p>\n\n\n\n<figure class=\"wp-block-table is-style-stripes\"><table class=\"has-fixed-layout\"><tbody><tr><td>Wann<\/td><td>Wo<\/td><\/tr><tr><td>11:00 bis 18:00 Uhr<\/td><td>Feuerwache Walldorf<\/td><\/tr><\/tbody><\/table><\/figure>\n\n\n\n<p><strong>Die Rote Meile ist er\u00f6ffnet!<\/strong><br><strong>Aktionsfl\u00e4che der Vereine &amp; Blaulichtorganisationen <\/strong><\/p>\n\n\n\n<figure class=\"wp-block-table is-style-stripes\"><table class=\"has-fixed-layout\"><tbody><tr><td>Wann<\/td><td>Wo<\/td><\/tr><tr><td>12:00 bis 18:00 Uhr<\/td><td>Rund um die Feuerwache<\/td><\/tr><\/tbody><\/table><figcaption class=\"wp-element-caption\">Im Lageplan findest du weitere Informationen. <\/figcaption><\/figure>\n\n\n\n<p> <strong>Offizieller Festakt 140 Jahre &amp; Einweihung der neuen Feuerwache<\/strong><\/p>\n\n\n\n<figure class=\"wp-block-table is-style-stripes\"><table class=\"has-fixed-layout\"><tbody><tr><td>Wann<\/td><td>Wo<\/td><\/tr><tr><td>13:00 Uhr<\/td><td>B\u00fchne &#8211; Feuerwache Walldorf<\/td><\/tr><\/tbody><\/table><\/figure>\n\n\n\n<p><strong>Little Voices \u2502Auftritt SKV Kinderchor<\/strong><\/p>\n\n\n\n<figure class=\"wp-block-table is-style-stripes\"><table class=\"has-fixed-layout\"><tbody><tr><td>Wann<\/td><td>Wo<\/td><\/tr><tr><td>14:00 Uhr<\/td><td>B\u00fchne &#8211; Feuerwache Walldorf<\/td><\/tr><\/tbody><\/table><\/figure>\n\n\n\n<p><strong>Siegerehrung Jugend Gaudi-Wettkampf<\/strong> <strong>&#8211; Leider entf\u00e4llt dieser Programmpunkt<\/strong><\/p>\n\n\n\n<figure class=\"wp-block-table is-style-stripes\"><table class=\"has-fixed-layout\"><tbody><tr><td>Wann<\/td><td>Wo<\/td><\/tr><tr><td>15:00 Uhr<\/td><td>B\u00fchne &#8211; Feuerwache Walldorf<\/td><\/tr><\/tbody><\/table><\/figure>\n\n\n\n<p><strong>Let&#8217;s Dance \u2502Auftritt TGS Tanzgruppen<\/strong><\/p>\n\n\n\n<figure class=\"wp-block-table is-style-stripes\"><table class=\"has-fixed-layout\"><tbody><tr><td>Wann<\/td><td>Wo<\/td><\/tr><tr><td>15:15 Uhr<\/td><td>B\u00fchne &#8211; Feuerwache Walldorf<\/td><\/tr><\/tbody><\/table><\/figure>\n","protected":false},"excerpt":{"rendered":"<p>Begr\u00fc\u00dfung &amp; akademische Feier 60 Jahre Jugendfeuerwehr Wann Wo 09:00 Uhr B\u00fchne &#8211; Feuerwache Walldorf Jugend Gaudi-Wettkampf &#8211; Leider entf\u00e4llt dieser Programmpunkt Wann Wo 10:00 Uhr Sportplatz TGS Wir \u00f6ffnen unsere Tore Tag der offenen T\u00fcr &amp; F\u00fchrungen durch das neue Feuerwehrhaus Wann Wo 11:00 bis 18:00 Uhr Feuerwache Walldorf Die Rote Meile ist er\u00f6ffnet!Aktionsfl\u00e4che &hellip; <\/p>\n","protected":false},"author":1,"featured_media":24,"parent":0,"menu_order":0,"comment_status":"closed","ping_status":"closed","template":"","meta":{"footnotes":""},"class_list":["post-134","page","type-page","status-publish","has-post-thumbnail","hentry"],"_links":{"self":[{"href":"https:\/\/www.feuerwehr-walldorf.org\/kft\/wp-json\/wp\/v2\/pages\/134","targetHints":{"allow":["GET"]}}],"collection":[{"href":"https:\/\/www.feuerwehr-walldorf.org\/kft\/wp-json\/wp\/v2\/pages"}],"about":[{"href":"https:\/\/www.feuerwehr-walldorf.org\/kft\/wp-json\/wp\/v2\/types\/page"}],"author":[{"embeddable":true,"href":"https:\/\/www.feuerwehr-walldorf.org\/kft\/wp-json\/wp\/v2\/users\/1"}],"replies":[{"embeddable":true,"href":"https:\/\/www.feuerwehr-walldorf.org\/kft\/wp-json\/wp\/v2\/comments?post=134"}],"version-history":[{"count":19,"href":"https:\/\/www.feuerwehr-walldorf.org\/kft\/wp-json\/wp\/v2\/pages\/134\/revisions"}],"predecessor-version":[{"id":361,"href":"https:\/\/www.feuerwehr-walldorf.org\/kft\/wp-json\/wp\/v2\/pages\/134\/revisions\/361"}],"wp:featuredmedia":[{"embeddable":true,"href":"https:\/\/www.feuerwehr-walldorf.org\/kft\/wp-json\/wp\/v2\/media\/24"}],"wp:attachment":[{"href":"https:\/\/www.feuerwehr-walldorf.org\/kft\/wp-json\/wp\/v2\/media?parent=134"}],"curies":[{"name":"wp","href":"https:\/\/api.w.org\/{rel}","templated":true}]}}

<p><strong>Begrüßung &amp; akademische Feier 60 Jahre Jugendfeuerwehr</strong></p>



<figure class="wp-block-table is-style-stripes"><table class="has-fixed-layout"><tbody><tr><td>Wann</td><td>Wo</td></tr><tr><td>09:00 Uhr</td><td>Bühne &#8211; Feuerwache Walldorf</td></tr></tbody></table></figure>



<p><strong>Jugend Gaudi-Wettkampf</strong> <strong>&#8211; Leider entfällt dieser Programmpunkt</strong></p>



<figure class="wp-block-table is-style-stripes"><table class="has-fixed-layout"><tbody><tr><td>Wann</td><td>Wo</td></tr><tr><td>10:00 Uhr</td><td>Sportplatz TGS</td></tr></tbody></table></figure>



<p><strong>Wir öffnen unsere Tore </strong><br><strong>Tag der offenen Tür &amp; Führungen durch das neue Feuerwehrhaus</strong></p>



<figure class="wp-block-table is-style-stripes"><table class="has-fixed-layout"><tbody><tr><td>Wann</td><td>Wo</td></tr><tr><td>11:00 bis 18:00 Uhr</td><td>Feuerwache Walldorf</td></tr></tbody></table></figure>



<p><strong>Die Rote Meile ist eröffnet!</strong><br><strong>Aktionsfläche der Vereine &amp; Blaulichtorganisationen </strong></p>



<figure class="wp-block-table is-style-stripes"><table class="has-fixed-layout"><tbody><tr><td>Wann</td><td>Wo</td></tr><tr><td>12:00 bis 18:00 Uhr</td><td>Rund um die Feuerwache</td></tr></tbody></table><figcaption class="wp-element-caption">Im Lageplan findest du weitere Informationen. </figcaption></figure>



<p> <strong>Offizieller Festakt 140 Jahre &amp; Einweihung der neuen Feuerwache</strong></p>



<figure class="wp-block-table is-style-stripes"><table class="has-fixed-layout"><tbody><tr><td>Wann</td><td>Wo</td></tr><tr><td>13:00 Uhr</td><td>Bühne &#8211; Feuerwache Walldorf</td></tr></tbody></table></figure>



<p><strong>Little Voices │Auftritt SKV Kinderchor</strong></p>



<figure class="wp-block-table is-style-stripes"><table class="has-fixed-layout"><tbody><tr><td>Wann</td><td>Wo</td></tr><tr><td>14:00 Uhr</td><td>Bühne &#8211; Feuerwache Walldorf</td></tr></tbody></table></figure>



<p><strong>Siegerehrung Jugend Gaudi-Wettkampf</strong> <strong>&#8211; Leider entfällt dieser Programmpunkt</strong></p>



<figure class="wp-block-table is-style-stripes"><table class="has-fixed-layout"><tbody><tr><td>Wann</td><td>Wo</td></tr><tr><td>15:00 Uhr</td><td>Bühne &#8211; Feuerwache Walldorf</td></tr></tbody></table></figure>



<p><strong>Let&#8217;s Dance │Auftritt TGS Tanzgruppen</strong></p>



<figure class="wp-block-table is-style-stripes"><table class="has-fixed-layout"><tbody><tr><td>Wann</td><td>Wo</td></tr><tr><td>15:15 Uhr</td><td>Bühne &#8211; Feuerwache Walldorf</td></tr></tbody></table></figure>

<p>Begrüßung &amp; akademische Feier 60 Jahre Jugendfeuerwehr Wann Wo 09:00 Uhr Bühne &#8211; Feuerwache Walldorf Jugend Gaudi-Wettkampf &#8211; Leider entfällt dieser Programmpunkt Wann Wo 10:00 Uhr Sportplatz TGS Wir öffnen unsere Tore Tag der offenen Tür &amp; Führungen durch das neue Feuerwehrhaus Wann Wo 11:00 bis 18:00 Uhr Feuerwache Walldorf Die Rote Meile ist eröffnet!Aktionsfläche &hellip; </p>
