{"id":21,"date":"2024-02-15T14:32:38","date_gmt":"2024-02-15T13:32:38","guid":{"rendered":"https:\/\/www.feuerwehr-walldorf.org\/kft\/?page_id=21"},"modified":"2024-03-18T09:39:42","modified_gmt":"2024-03-18T08:39:42","slug":"willkommen-beim-kreisfeuerwehrtag-in-walldorf","status":"publish","type":"page","link":"https:\/\/www.feuerwehr-walldorf.org\/kft\/willkommen-beim-kreisfeuerwehrtag-in-walldorf\/","title":{"rendered":"Willkommen beim Kreisfeuerwehrtag in Walldorf!"},"content":{"rendered":"\n<p>Wir feiern 140-j\u00e4hriges Jubil\u00e4um, den 60. Geburtstag unserer Jugendfeuerwehr und als Highlight die offizielle Einweihung der neuen Feuerwache in Walldorf. <\/p>\n\n\n\n<p>Wir \u00f6ffnen unsere Tore: Besichtige die neuen R\u00e4umlichkeiten, erfahre mehr \u00fcber unsere technische Ausstattung und lerne die Menschen hinter der Uniform kennen. <\/p>\n\n\n\n<p class=\"has-large-font-size\"><br><\/p>\n","protected":false},"excerpt":{"rendered":"<p>Wir feiern 140-j\u00e4hriges Jubil\u00e4um, den 60. Geburtstag unserer Jugendfeuerwehr und als Highlight die offizielle Einweihung der neuen Feuerwache in Walldorf. Wir \u00f6ffnen unsere Tore: Besichtige die neuen R\u00e4umlichkeiten, erfahre mehr \u00fcber unsere technische Ausstattung und lerne die Menschen hinter der Uniform kennen.<\/p>\n","protected":false},"author":1,"featured_media":260,"parent":0,"menu_order":0,"comment_status":"closed","ping_status":"closed","template":"","meta":{"footnotes":""},"class_list":["post-21","page","type-page","status-publish","has-post-thumbnail","hentry"],"_links":{"self":[{"href":"https:\/\/www.feuerwehr-walldorf.org\/kft\/wp-json\/wp\/v2\/pages\/21","targetHints":{"allow":["GET"]}}],"collection":[{"href":"https:\/\/www.feuerwehr-walldorf.org\/kft\/wp-json\/wp\/v2\/pages"}],"about":[{"href":"https:\/\/www.feuerwehr-walldorf.org\/kft\/wp-json\/wp\/v2\/types\/page"}],"author":[{"embeddable":true,"href":"https:\/\/www.feuerwehr-walldorf.org\/kft\/wp-json\/wp\/v2\/users\/1"}],"replies":[{"embeddable":true,"href":"https:\/\/www.feuerwehr-walldorf.org\/kft\/wp-json\/wp\/v2\/comments?post=21"}],"version-history":[{"count":11,"href":"https:\/\/www.feuerwehr-walldorf.org\/kft\/wp-json\/wp\/v2\/pages\/21\/revisions"}],"predecessor-version":[{"id":218,"href":"https:\/\/www.feuerwehr-walldorf.org\/kft\/wp-json\/wp\/v2\/pages\/21\/revisions\/218"}],"wp:featuredmedia":[{"embeddable":true,"href":"https:\/\/www.feuerwehr-walldorf.org\/kft\/wp-json\/wp\/v2\/media\/260"}],"wp:attachment":[{"href":"https:\/\/www.feuerwehr-walldorf.org\/kft\/wp-json\/wp\/v2\/media?parent=21"}],"curies":[{"name":"wp","href":"https:\/\/api.w.org\/{rel}","templated":true}]}}

<p>Wir feiern 140-jähriges Jubiläum, den 60. Geburtstag unserer Jugendfeuerwehr und als Highlight die offizielle Einweihung der neuen Feuerwache in Walldorf. </p>



<p>Wir öffnen unsere Tore: Besichtige die neuen Räumlichkeiten, erfahre mehr über unsere technische Ausstattung und lerne die Menschen hinter der Uniform kennen. </p>



<p class="has-large-font-size"><br></p>

<p>Wir feiern 140-jähriges Jubiläum, den 60. Geburtstag unserer Jugendfeuerwehr und als Highlight die offizielle Einweihung der neuen Feuerwache in Walldorf. Wir öffnen unsere Tore: Besichtige die neuen Räumlichkeiten, erfahre mehr über unsere technische Ausstattung und lerne die Menschen hinter der Uniform kennen.</p>
