{"id":252,"date":"2024-03-18T09:26:32","date_gmt":"2024-03-18T08:26:32","guid":{"rendered":"https:\/\/www.feuerwehr-walldorf.org\/kft\/?page_id=252"},"modified":"2024-07-15T08:42:58","modified_gmt":"2024-07-15T06:42:58","slug":"fahrzeuguebergaben-sonntag","status":"publish","type":"page","link":"https:\/\/www.feuerwehr-walldorf.org\/kft\/fahrzeuguebergaben-sonntag\/","title":{"rendered":"Fahrzeug\u00fcbergaben Sonntag"},"content":{"rendered":"\n<p><strong>Fahrzeug\u00fcbergabe<\/strong> <strong>&#8211; Entf\u00e4llt! <\/strong><\/p>\n\n\n\n<figure class=\"wp-block-table is-style-stripes\"><table class=\"has-fixed-layout\"><tbody><tr><td>Wann<\/td><td>Wo<\/td><\/tr><tr><td>10:00 Uhr<\/td><td>B\u00fchne \u2013 Feuerwache Walldorf<\/td><\/tr><\/tbody><\/table><\/figure>\n\n\n\n<p>Die geplante Fahrzeug\u00fcbergabe kann aufgrund von Lieferverz\u00f6gerungen leider nicht stattfinden. <\/p>\n\n\n\n<p><strong><strong>Wir \u00f6ffnen unsere Tore <\/strong><\/strong><br><strong><strong>Tag der offenen T\u00fcr &amp; F\u00fchrungen durch das neue Feuerwehrhaus<\/strong><\/strong><\/p>\n\n\n\n<figure class=\"wp-block-table is-style-stripes\"><table class=\"has-fixed-layout\"><tbody><tr><td>Wann<\/td><td>Wo<\/td><\/tr><tr><td>10:30 bis 16:00 Uhr<\/td><td>Feuerwache Walldorf<\/td><\/tr><\/tbody><\/table><\/figure>\n\n\n\n<p>Erhalte Einblicke hinter den Kulissen.<\/p>\n","protected":false},"excerpt":{"rendered":"<p>Fahrzeug\u00fcbergabe &#8211; Entf\u00e4llt! Wann Wo 10:00 Uhr B\u00fchne \u2013 Feuerwache Walldorf Die geplante Fahrzeug\u00fcbergabe kann aufgrund von Lieferverz\u00f6gerungen leider nicht stattfinden. Wir \u00f6ffnen unsere Tore Tag der offenen T\u00fcr &amp; F\u00fchrungen durch das neue Feuerwehrhaus Wann Wo 10:30 bis 16:00 Uhr Feuerwache Walldorf Erhalte Einblicke hinter den Kulissen.<\/p>\n","protected":false},"author":1,"featured_media":117,"parent":0,"menu_order":0,"comment_status":"closed","ping_status":"closed","template":"","meta":{"footnotes":""},"class_list":["post-252","page","type-page","status-publish","has-post-thumbnail","hentry"],"_links":{"self":[{"href":"https:\/\/www.feuerwehr-walldorf.org\/kft\/wp-json\/wp\/v2\/pages\/252","targetHints":{"allow":["GET"]}}],"collection":[{"href":"https:\/\/www.feuerwehr-walldorf.org\/kft\/wp-json\/wp\/v2\/pages"}],"about":[{"href":"https:\/\/www.feuerwehr-walldorf.org\/kft\/wp-json\/wp\/v2\/types\/page"}],"author":[{"embeddable":true,"href":"https:\/\/www.feuerwehr-walldorf.org\/kft\/wp-json\/wp\/v2\/users\/1"}],"replies":[{"embeddable":true,"href":"https:\/\/www.feuerwehr-walldorf.org\/kft\/wp-json\/wp\/v2\/comments?post=252"}],"version-history":[{"count":10,"href":"https:\/\/www.feuerwehr-walldorf.org\/kft\/wp-json\/wp\/v2\/pages\/252\/revisions"}],"predecessor-version":[{"id":347,"href":"https:\/\/www.feuerwehr-walldorf.org\/kft\/wp-json\/wp\/v2\/pages\/252\/revisions\/347"}],"wp:featuredmedia":[{"embeddable":true,"href":"https:\/\/www.feuerwehr-walldorf.org\/kft\/wp-json\/wp\/v2\/media\/117"}],"wp:attachment":[{"href":"https:\/\/www.feuerwehr-walldorf.org\/kft\/wp-json\/wp\/v2\/media?parent=252"}],"curies":[{"name":"wp","href":"https:\/\/api.w.org\/{rel}","templated":true}]}}

Fahrzeugübergaben Sonntag

<p><strong>Fahrzeugübergabe</strong> <strong>&#8211; Entfällt! </strong></p>



<figure class="wp-block-table is-style-stripes"><table class="has-fixed-layout"><tbody><tr><td>Wann</td><td>Wo</td></tr><tr><td>10:00 Uhr</td><td>Bühne – Feuerwache Walldorf</td></tr></tbody></table></figure>



<p>Die geplante Fahrzeugübergabe kann aufgrund von Lieferverzögerungen leider nicht stattfinden. </p>



<p><strong><strong>Wir öffnen unsere Tore </strong></strong><br><strong><strong>Tag der offenen Tür &amp; Führungen durch das neue Feuerwehrhaus</strong></strong></p>



<figure class="wp-block-table is-style-stripes"><table class="has-fixed-layout"><tbody><tr><td>Wann</td><td>Wo</td></tr><tr><td>10:30 bis 16:00 Uhr</td><td>Feuerwache Walldorf</td></tr></tbody></table></figure>



<p>Erhalte Einblicke hinter den Kulissen.</p>

<p>Fahrzeugübergabe &#8211; Entfällt! Wann Wo 10:00 Uhr Bühne – Feuerwache Walldorf Die geplante Fahrzeugübergabe kann aufgrund von Lieferverzögerungen leider nicht stattfinden. Wir öffnen unsere Tore Tag der offenen Tür &amp; Führungen durch das neue Feuerwehrhaus Wann Wo 10:30 bis 16:00 Uhr Feuerwache Walldorf Erhalte Einblicke hinter den Kulissen.</p>
