{"id":35,"date":"2024-02-15T15:30:34","date_gmt":"2024-02-15T14:30:34","guid":{"rendered":"https:\/\/www.feuerwehr-walldorf.org\/kft\/?page_id=35"},"modified":"2024-02-16T12:08:26","modified_gmt":"2024-02-16T11:08:26","slug":"social-media","status":"publish","type":"page","link":"https:\/\/www.feuerwehr-walldorf.org\/kft\/social-media\/","title":{"rendered":"Social Media"},"content":{"rendered":"\n<p class=\"has-medium-font-size\">Folge uns auf Instagram und sei immer up-to-date! <\/p>\n\n\n\n<p><strong>AKTUELLE NEWS<\/strong><br>Verpasse nie wieder wichtige Nachrichten!<br>Wir halten dich \u00fcber deine Feuerwehr stets auf dem Laufenden. <\/p>\n\n\n\n<p><strong>EINS\u00c4TZE<\/strong><br>Sei hautnah dabei, wenn wir im Einsatz sind!<br>Wir berichten f\u00fcr dich \u00fcber unser Einsatzgeschehen. <\/p>\n\n\n\n<p><strong>VERANSTALTUNGEN<\/strong><br>Verpasse nichts! <br>Wir informieren dich \u00fcber Events, Projekte, Aktionen und wichtige Termine. <\/p>\n\n\n\n<p><strong>HINTER DEN KULISSEN<\/strong><br>Erhalte spannende Einblicke!<br>Unser Team ist gro\u00df und unsere Aufgaben sind vielf\u00e4ltig. Wir nehmen dich mit in unsere Feuerwehrwelt. <\/p>\n","protected":false},"excerpt":{"rendered":"<p>Folge uns auf Instagram und sei immer up-to-date! AKTUELLE NEWSVerpasse nie wieder wichtige Nachrichten!Wir halten dich \u00fcber deine Feuerwehr stets auf dem Laufenden. EINS\u00c4TZESei hautnah dabei, wenn wir im Einsatz sind!Wir berichten f\u00fcr dich \u00fcber unser Einsatzgeschehen. VERANSTALTUNGENVerpasse nichts! Wir informieren dich \u00fcber Events, Projekte, Aktionen und wichtige Termine. HINTER DEN KULISSENErhalte spannende Einblicke!Unser Team &hellip; <\/p>\n","protected":false},"author":1,"featured_media":52,"parent":0,"menu_order":0,"comment_status":"closed","ping_status":"closed","template":"","meta":{"footnotes":""},"class_list":["post-35","page","type-page","status-publish","has-post-thumbnail","hentry"],"_links":{"self":[{"href":"https:\/\/www.feuerwehr-walldorf.org\/kft\/wp-json\/wp\/v2\/pages\/35","targetHints":{"allow":["GET"]}}],"collection":[{"href":"https:\/\/www.feuerwehr-walldorf.org\/kft\/wp-json\/wp\/v2\/pages"}],"about":[{"href":"https:\/\/www.feuerwehr-walldorf.org\/kft\/wp-json\/wp\/v2\/types\/page"}],"author":[{"embeddable":true,"href":"https:\/\/www.feuerwehr-walldorf.org\/kft\/wp-json\/wp\/v2\/users\/1"}],"replies":[{"embeddable":true,"href":"https:\/\/www.feuerwehr-walldorf.org\/kft\/wp-json\/wp\/v2\/comments?post=35"}],"version-history":[{"count":5,"href":"https:\/\/www.feuerwehr-walldorf.org\/kft\/wp-json\/wp\/v2\/pages\/35\/revisions"}],"predecessor-version":[{"id":55,"href":"https:\/\/www.feuerwehr-walldorf.org\/kft\/wp-json\/wp\/v2\/pages\/35\/revisions\/55"}],"wp:featuredmedia":[{"embeddable":true,"href":"https:\/\/www.feuerwehr-walldorf.org\/kft\/wp-json\/wp\/v2\/media\/52"}],"wp:attachment":[{"href":"https:\/\/www.feuerwehr-walldorf.org\/kft\/wp-json\/wp\/v2\/media?parent=35"}],"curies":[{"name":"wp","href":"https:\/\/api.w.org\/{rel}","templated":true}]}}

<p class="has-medium-font-size">Folge uns auf Instagram und sei immer up-to-date! </p>



<p><strong>AKTUELLE NEWS</strong><br>Verpasse nie wieder wichtige Nachrichten!<br>Wir halten dich über deine Feuerwehr stets auf dem Laufenden. </p>



<p><strong>EINSÄTZE</strong><br>Sei hautnah dabei, wenn wir im Einsatz sind!<br>Wir berichten für dich über unser Einsatzgeschehen. </p>



<p><strong>VERANSTALTUNGEN</strong><br>Verpasse nichts! <br>Wir informieren dich über Events, Projekte, Aktionen und wichtige Termine. </p>



<p><strong>HINTER DEN KULISSEN</strong><br>Erhalte spannende Einblicke!<br>Unser Team ist groß und unsere Aufgaben sind vielfältig. Wir nehmen dich mit in unsere Feuerwehrwelt. </p>

<p>Folge uns auf Instagram und sei immer up-to-date! AKTUELLE NEWSVerpasse nie wieder wichtige Nachrichten!Wir halten dich über deine Feuerwehr stets auf dem Laufenden. EINSÄTZESei hautnah dabei, wenn wir im Einsatz sind!Wir berichten für dich über unser Einsatzgeschehen. VERANSTALTUNGENVerpasse nichts! Wir informieren dich über Events, Projekte, Aktionen und wichtige Termine. HINTER DEN KULISSENErhalte spannende Einblicke!Unser Team &hellip; </p>
